{"id":424,"date":"2013-03-01T13:31:35","date_gmt":"2013-03-01T13:31:35","guid":{"rendered":"http:\/\/www.osadapohadka.cz\/web\/?page_id=424"},"modified":"2013-05-10T06:57:07","modified_gmt":"2013-05-10T06:57:07","slug":"detske-letni-tabory-v-roce-2012","status":"publish","type":"page","link":"https:\/\/www.osadapohadka.cz\/web\/fotogalerie\/detske-letni-tabory-v-roce-2012\/","title":{"rendered":"D\u011btsk\u00e9 letn\u00ed t\u00e1bory v roce 2012"},"content":{"rendered":"<p>D\u011btsk\u00e9 letn\u00ed t\u00e1bory v roce 2012<\/p>\nngg_shortcode_0_placeholder\n<p>Ob\u010dansk\u00e9 sdru\u017een\u00ed Zem\u011b lid\u00ed o.s. http:\/\/www.zemelidi.cz<\/p>\n","protected":false},"excerpt":{"rendered":"<p>D\u011btsk\u00e9 letn\u00ed t\u00e1bory v roce 2012 Ob\u010dansk\u00e9 sdru\u017een\u00ed Zem\u011b lid\u00ed o.s. http:\/\/www.zemelidi.cz<\/p>\n","protected":false},"author":1,"featured_media":0,"parent":27,"menu_order":6,"comment_status":"closed","ping_status":"open","template":"","meta":{"ngg_post_thumbnail":0,"_links_to":"","_links_to_target":""},"_links":{"self":[{"href":"https:\/\/www.osadapohadka.cz\/web\/wp-json\/wp\/v2\/pages\/424"}],"collection":[{"href":"https:\/\/www.osadapohadka.cz\/web\/wp-json\/wp\/v2\/pages"}],"about":[{"href":"https:\/\/www.osadapohadka.cz\/web\/wp-json\/wp\/v2\/types\/page"}],"author":[{"embeddable":true,"href":"https:\/\/www.osadapohadka.cz\/web\/wp-json\/wp\/v2\/users\/1"}],"replies":[{"embeddable":true,"href":"https:\/\/www.osadapohadka.cz\/web\/wp-json\/wp\/v2\/comments?post=424"}],"version-history":[{"count":4,"href":"https:\/\/www.osadapohadka.cz\/web\/wp-json\/wp\/v2\/pages\/424\/revisions"}],"predecessor-version":[{"id":692,"href":"https:\/\/www.osadapohadka.cz\/web\/wp-json\/wp\/v2\/pages\/424\/revisions\/692"}],"up":[{"embeddable":true,"href":"https:\/\/www.osadapohadka.cz\/web\/wp-json\/wp\/v2\/pages\/27"}],"wp:attachment":[{"href":"https:\/\/www.osadapohadka.cz\/web\/wp-json\/wp\/v2\/media?parent=424"}],"curies":[{"name":"wp","href":"https:\/\/api.w.org\/{rel}","templated":true}]}}