{"id":398,"date":"2013-02-28T20:40:50","date_gmt":"2013-02-28T20:40:50","guid":{"rendered":"http:\/\/www.osadapohadka.cz\/web\/?page_id=398"},"modified":"2013-02-28T20:41:19","modified_gmt":"2013-02-28T20:41:19","slug":"penzion-diana-villa-diana-ubytovani-v-soukromi","status":"publish","type":"page","link":"https:\/\/www.osadapohadka.cz\/web\/fotogalerie\/penzion-diana-villa-diana-ubytovani-v-soukromi\/","title":{"rendered":"Penzion Diana *** Villa Diana *** ubytov\u00e1n\u00ed v soukrom\u00ed"},"content":{"rendered":"<h3>Penzion Diana *** Villa Diana *** ubytov\u00e1n\u00ed v soukrom\u00ed<\/h3>\nngg_shortcode_0_placeholder\n","protected":false},"excerpt":{"rendered":"<p>Penzion Diana *** Villa Diana *** ubytov\u00e1n\u00ed v soukrom\u00ed<\/p>\n","protected":false},"author":1,"featured_media":0,"parent":27,"menu_order":1,"comment_status":"closed","ping_status":"open","template":"","meta":{"ngg_post_thumbnail":0,"_links_to":"","_links_to_target":""},"_links":{"self":[{"href":"https:\/\/www.osadapohadka.cz\/web\/wp-json\/wp\/v2\/pages\/398"}],"collection":[{"href":"https:\/\/www.osadapohadka.cz\/web\/wp-json\/wp\/v2\/pages"}],"about":[{"href":"https:\/\/www.osadapohadka.cz\/web\/wp-json\/wp\/v2\/types\/page"}],"author":[{"embeddable":true,"href":"https:\/\/www.osadapohadka.cz\/web\/wp-json\/wp\/v2\/users\/1"}],"replies":[{"embeddable":true,"href":"https:\/\/www.osadapohadka.cz\/web\/wp-json\/wp\/v2\/comments?post=398"}],"version-history":[{"count":3,"href":"https:\/\/www.osadapohadka.cz\/web\/wp-json\/wp\/v2\/pages\/398\/revisions"}],"predecessor-version":[{"id":758,"href":"https:\/\/www.osadapohadka.cz\/web\/wp-json\/wp\/v2\/pages\/398\/revisions\/758"}],"up":[{"embeddable":true,"href":"https:\/\/www.osadapohadka.cz\/web\/wp-json\/wp\/v2\/pages\/27"}],"wp:attachment":[{"href":"https:\/\/www.osadapohadka.cz\/web\/wp-json\/wp\/v2\/media?parent=398"}],"curies":[{"name":"wp","href":"https:\/\/api.w.org\/{rel}","templated":true}]}}